{"id":11,"date":"2016-08-24T07:48:59","date_gmt":"2016-08-24T07:48:59","guid":{"rendered":"https:\/\/www.qomex2017.org\/qeems\/?page_id=11"},"modified":"2017-01-09T00:24:05","modified_gmt":"2017-01-09T00:24:05","slug":"committees","status":"publish","type":"page","link":"https:\/\/www.qomex2017.org\/qeems\/index.php\/committees\/","title":{"rendered":"Committees"},"content":{"rendered":"<p><strong>General Chairs<\/strong><\/p>\n<table cellspacing=\"0\">\n<tbody>\n<tr>\n<td align=\"center\"><img loading=\"lazy\" decoding=\"async\" class=\"\" src=\"https:\/\/www.qomex2017.org\/qeems\/wp-content\/uploads\/2016\/08\/Werner_Robitza.png\" alt=\"\" width=\"75\" height=\"100\" border=\"0\" \/><\/td>\n<td align=\"center\"><img loading=\"lazy\" decoding=\"async\" src=\"https:\/\/www.qomex2017.org\/qeems\/wp-content\/uploads\/2016\/08\/ESR3-Peter-Andras-Kara_new-300x300.jpg\" alt=\"\" width=\"100\" height=\"100\" border=\"0\" \/><\/td>\n<td align=\"center\"><img loading=\"lazy\" decoding=\"async\" class=\"\" src=\"https:\/\/www.qomex2017.org\/qeems\/wp-content\/uploads\/2016\/08\/ESR9-Samir-Mahmalat-150x150.jpg\" alt=\"\" width=\"100\" height=\"101\" border=\"0\" \/><\/td>\n<\/tr>\n<tr>\n<td align=\"center\">Werner Robitza<\/td>\n<td align=\"center\">P\u00e9ter A. Kara<\/td>\n<td align=\"center\">Samir Mahmalat<\/td>\n<\/tr>\n<tr>\n<td align=\"center\">Deutsche Telekom AG<\/td>\n<td align=\"center\">Kingston University<\/td>\n<td align=\"center\">Disney Research<\/td>\n<\/tr>\n<\/tbody>\n<\/table>\n<p><strong>Program Chairs<\/strong><\/p>\n<table cellspacing=\"0\">\n<tbody>\n<tr>\n<td align=\"center\"><img loading=\"lazy\" decoding=\"async\" class=\"\" src=\"https:\/\/www.qomex2017.org\/qeems\/wp-content\/uploads\/2016\/08\/ESR3-Peter-Andras-Kara_new-300x300.jpg\" alt=\"\" width=\"100\" height=\"101\" border=\"0\" \/><\/td>\n<td align=\"center\"><img loading=\"lazy\" decoding=\"async\" src=\"https:\/\/www.qomex2017.org\/qeems\/wp-content\/uploads\/2016\/08\/Avsar-e1477477113180-150x145.png\" alt=\"\" width=\"100\" height=\"100\" border=\"0\" \/><\/td>\n<td align=\"center\"><img loading=\"lazy\" decoding=\"async\" src=\"https:\/\/www.qomex2017.org\/qeems\/wp-content\/uploads\/2016\/08\/6.Saman_-300x300.jpg\" alt=\"\" width=\"100\" height=\"100\" border=\"0\" \/><\/td>\n<\/tr>\n<tr>\n<td align=\"center\">P\u00e9ter A. Kara<\/td>\n<td align=\"center\">Avsar Asan<\/td>\n<td align=\"center\">Saman Zadtootaghaj<\/td>\n<\/tr>\n<tr>\n<td align=\"center\">Kingston University<\/td>\n<td align=\"center\">Plymouth University<\/td>\n<td align=\"center\">Deutsche Telekom AG<\/td>\n<\/tr>\n<\/tbody>\n<\/table>\n<p><strong>Students Travel Grants Chairs<\/strong><\/p>\n<table>\n<tbody>\n<tr>\n<td align=\"center\"><img loading=\"lazy\" decoding=\"async\" src=\"https:\/\/www.qomex2017.org\/qeems\/wp-content\/uploads\/2016\/08\/ESR2-Arslan-Ahmad_mod4-150x150.jpg\" alt=\"\" width=\"100\" height=\"100\" border=\"0\" \/><\/td>\n<td align=\"center\"><img loading=\"lazy\" decoding=\"async\" src=\"https:\/\/www.qomex2017.org\/qeems\/wp-content\/uploads\/2016\/08\/1.Elisavet.jpg\" alt=\"\" width=\"100\" height=\"100\" border=\"0\" \/><\/td>\n<\/tr>\n<tr>\n<td align=\"center\">Arslan Ahmad<\/td>\n<td align=\"center\">Elisavet Grigoriou<\/td>\n<\/tr>\n<tr>\n<td align=\"center\">University of Cagliari<\/td>\n<td align=\"center\">University of Cagliari<\/td>\n<\/tr>\n<\/tbody>\n<\/table>\n<p><strong>Local Organization Chairs<\/strong><\/p>\n<table>\n<tbody>\n<tr>\n<td align=\"center\"><img loading=\"lazy\" decoding=\"async\" class=\"\" src=\"https:\/\/www.qomex2017.org\/qeems\/wp-content\/uploads\/2016\/08\/Werner_Robitza.png\" alt=\"\" width=\"75\" height=\"100\" border=\"0\" \/><\/td>\n<td align=\"center\"><img loading=\"lazy\" decoding=\"async\" src=\"https:\/\/www.qomex2017.org\/qeems\/wp-content\/uploads\/2016\/08\/6.Saman_-300x300.jpg\" alt=\"\" width=\"100\" height=\"100\" border=\"0\" \/><\/td>\n<\/tr>\n<tr>\n<td align=\"center\">Werner Robitza<\/td>\n<td align=\"center\">Saman Zadtootaghaj<\/td>\n<\/tr>\n<tr>\n<td align=\"center\">Deutsche Telekom AG<\/td>\n<td align=\"center\">Deutsche Telekom AG<\/td>\n<\/tr>\n<\/tbody>\n<\/table>\n<p><strong>Publicity Chair<\/strong><\/p>\n<table>\n<tbody>\n<tr>\n<td align=\"center\"><img loading=\"lazy\" decoding=\"async\" class=\"\" src=\"https:\/\/www.qomex2017.org\/qeems\/wp-content\/uploads\/2016\/08\/anne-flore.jpg\" alt=\"\" width=\"75\" height=\"100\" border=\"0\" \/><\/td>\n<\/tr>\n<tr>\n<td align=\"center\">Anne-Flore Perrin<\/td>\n<\/tr>\n<tr>\n<td align=\"center\">\u00c9cole Polytechnique F\u00e9d\u00e9rale de Lausanne<\/td>\n<\/tr>\n<\/tbody>\n<\/table>\n<p><strong>Keynote and Panel Chairs<\/strong><\/p>\n<table>\n<tbody>\n<tr>\n<td align=\"center\"><img loading=\"lazy\" decoding=\"async\" class=\"\" src=\"https:\/\/www.qomex2017.org\/qeems\/wp-content\/uploads\/2016\/08\/7.Alex_-150x150.png\" alt=\"\" width=\"82\" height=\"82\" border=\"0\" \/><\/td>\n<td align=\"center\"><img loading=\"lazy\" decoding=\"async\" class=\"\" src=\"https:\/\/www.qomex2017.org\/qeems\/wp-content\/uploads\/2016\/08\/ESR4-Nabajeet-Barman-e1464083053135-144x150.jpg\" alt=\"\" width=\"82\" height=\"86\" border=\"0\" \/><\/td>\n<td align=\"center\"><img loading=\"lazy\" decoding=\"async\" class=\"\" src=\"https:\/\/www.qomex2017.org\/qeems\/wp-content\/uploads\/2016\/08\/sub.png\" alt=\"\" width=\"97\" height=\"82\" border=\"0\" \/><\/td>\n<td align=\"center\"><img loading=\"lazy\" decoding=\"async\" class=\"\" src=\"https:\/\/www.qomex2017.org\/qeems\/wp-content\/uploads\/2016\/08\/ESR9-Samir-Mahmalat-150x150.jpg\" alt=\"\" width=\"83\" height=\"83\" border=\"0\" \/><\/td>\n<td align=\"center\"><img loading=\"lazy\" decoding=\"async\" class=\"\" src=\"https:\/\/www.qomex2017.org\/qeems\/wp-content\/uploads\/2016\/08\/chenyan.jpg\" alt=\"\" width=\"63\" height=\"84\" border=\"0\" \/><\/td>\n<\/tr>\n<tr>\n<td align=\"center\">A. Alex Barakabitze<\/td>\n<td align=\"center\">Nabajeet Barman<\/td>\n<td align=\"center\">Subbareddy Darukumalli<\/td>\n<td align=\"center\">Samir Mahmalat<\/td>\n<td align=\"center\">Chenyan Zhang<\/td>\n<\/tr>\n<tr>\n<td align=\"center\">Plymouth University<\/td>\n<td align=\"center\">Kingston University<\/td>\n<td align=\"center\">Holografika Kft<\/td>\n<td align=\"center\">Disney Research<\/td>\n<td align=\"center\">NTNU<\/td>\n<\/tr>\n<\/tbody>\n<\/table>\n<p><strong>Technical Program Committee<\/strong><\/p>\n<p>Hamed Ahmadi,\u00a0Simon Fraser University<br \/>\nAhmed Aldahdooh, Universit\u00e9 de Nantes<br \/>\nSebastian Arndt, Norwegian University of Science and Technology<br \/>\nL\u00e1szl\u00f3 Bokor, Budapest University of Technology and Economics<br \/>\nPhilippe Hanhart, InterDigital Communications<br \/>\nAleksandar Karadimce, University of Information Science and Technology \u201cSt. Paul the Apostle\u201d<br \/>\nLuk\u00e1\u0161 Krasula, Czech Technical University<br \/>\nPierre Lebreton, Zhejiang University<br \/>\nEirini Liotou, University of Athens<br \/>\nBabak Naderi, TU Berlin<br \/>\nKaram Naser, Universit\u00e9 de Nantes<br \/>\nOgnen Ognenoski, Kingston University<br \/>\nMaria Plakia, University of Crete<br \/>\nMartin Rerabek, \u00c9cole Polytechnique F\u00e9d\u00e9rale de Lausanne<br \/>\nAndreas Sackl, Austrian Institute of Technology<br \/>\nSteven Schmidt, TU Berlin<br \/>\nJunaid Shaikh, Ericsson<br \/>\nMaria Torres Vega, TU Eindhoven<br \/>\nNiki Tsitsiroudi, University of Western Macedonia<\/p>\n","protected":false},"excerpt":{"rendered":"<p>General Chairs Werner Robitza P\u00e9ter A. Kara Samir Mahmalat Deutsche Telekom AG Kingston University Disney Research Program Chairs P\u00e9ter A. Kara Avsar Asan Saman Zadtootaghaj Kingston University Plymouth University Deutsche Telekom AG Students Travel Grants Chairs Arslan Ahmad Elisavet Grigoriou<\/p>\n","protected":false},"author":14,"featured_media":0,"parent":0,"menu_order":0,"comment_status":"closed","ping_status":"closed","template":"","meta":{"footnotes":""},"class_list":["post-11","page","type-page","status-publish","hentry"],"_links":{"self":[{"href":"https:\/\/www.qomex2017.org\/qeems\/index.php\/wp-json\/wp\/v2\/pages\/11","targetHints":{"allow":["GET"]}}],"collection":[{"href":"https:\/\/www.qomex2017.org\/qeems\/index.php\/wp-json\/wp\/v2\/pages"}],"about":[{"href":"https:\/\/www.qomex2017.org\/qeems\/index.php\/wp-json\/wp\/v2\/types\/page"}],"author":[{"embeddable":true,"href":"https:\/\/www.qomex2017.org\/qeems\/index.php\/wp-json\/wp\/v2\/users\/14"}],"replies":[{"embeddable":true,"href":"https:\/\/www.qomex2017.org\/qeems\/index.php\/wp-json\/wp\/v2\/comments?post=11"}],"version-history":[{"count":21,"href":"https:\/\/www.qomex2017.org\/qeems\/index.php\/wp-json\/wp\/v2\/pages\/11\/revisions"}],"predecessor-version":[{"id":157,"href":"https:\/\/www.qomex2017.org\/qeems\/index.php\/wp-json\/wp\/v2\/pages\/11\/revisions\/157"}],"wp:attachment":[{"href":"https:\/\/www.qomex2017.org\/qeems\/index.php\/wp-json\/wp\/v2\/media?parent=11"}],"curies":[{"name":"wp","href":"https:\/\/api.w.org\/{rel}","templated":true}]}}